{"id":527,"date":"2025-03-31T17:28:19","date_gmt":"2025-03-31T20:28:19","guid":{"rendered":"https:\/\/editorialbabel.com.ar\/?post_type=product&#038;p=527"},"modified":"2025-12-09T20:43:01","modified_gmt":"2025-12-09T23:43:01","slug":"lastimadura-roberto-videla","status":"publish","type":"product","link":"https:\/\/editorialbabel.com.ar\/?product=lastimadura-roberto-videla","title":{"rendered":"Lastimadura \/ Roberto Videla"},"content":{"rendered":"<p><strong><\/p>\n","protected":false},"excerpt":{"rendered":"<p>Cr\u00f3nicas y relatos autobiogr\u00e1ficos que tratan sobre penas, despechos, peque\u00f1as venganzas y humillaciones propias y ajenas, que atraviesan la vida del autor en C\u00f3rdoba, en el exilio y a su vuelta al pa\u00eds hasta el presente. <\/p>\n","protected":false},"featured_media":528,"comment_status":"open","ping_status":"closed","template":"","meta":[],"product_cat":[23],"product_tag":[],"class_list":{"0":"post-527","1":"product","2":"type-product","3":"status-publish","4":"has-post-thumbnail","6":"product_cat-narrativa","8":"first","9":"instock","10":"taxable","11":"shipping-taxable","12":"purchasable","13":"product-type-simple"},"_links":{"self":[{"href":"https:\/\/editorialbabel.com.ar\/index.php?rest_route=\/wp\/v2\/product\/527","targetHints":{"allow":["GET"]}}],"collection":[{"href":"https:\/\/editorialbabel.com.ar\/index.php?rest_route=\/wp\/v2\/product"}],"about":[{"href":"https:\/\/editorialbabel.com.ar\/index.php?rest_route=\/wp\/v2\/types\/product"}],"replies":[{"embeddable":true,"href":"https:\/\/editorialbabel.com.ar\/index.php?rest_route=%2Fwp%2Fv2%2Fcomments&post=527"}],"wp:featuredmedia":[{"embeddable":true,"href":"https:\/\/editorialbabel.com.ar\/index.php?rest_route=\/wp\/v2\/media\/528"}],"wp:attachment":[{"href":"https:\/\/editorialbabel.com.ar\/index.php?rest_route=%2Fwp%2Fv2%2Fmedia&parent=527"}],"wp:term":[{"taxonomy":"product_cat","embeddable":true,"href":"https:\/\/editorialbabel.com.ar\/index.php?rest_route=%2Fwp%2Fv2%2Fproduct_cat&post=527"},{"taxonomy":"product_tag","embeddable":true,"href":"https:\/\/editorialbabel.com.ar\/index.php?rest_route=%2Fwp%2Fv2%2Fproduct_tag&post=527"}],"curies":[{"name":"wp","href":"https:\/\/api.w.org\/{rel}","templated":true}]}}

<p>Crónicas y relatos autobiográficos que tratan sobre penas, despechos, pequeñas venganzas y humillaciones propias y ajenas, que atraviesan la vida del autor en Córdoba, en el exilio y a su vuelta al país hasta el presente. </p>
