{"id":16,"date":"2024-11-19T14:19:19","date_gmt":"2024-11-19T17:19:19","guid":{"rendered":"http:\/\/editorialbabel.com.ar\/?post_type=product&#038;p=16"},"modified":"2025-05-22T05:07:54","modified_gmt":"2025-05-22T08:07:54","slug":"chispas-roberto-videla","status":"publish","type":"product","link":"https:\/\/editorialbabel.com.ar\/?product=chispas-roberto-videla","title":{"rendered":"Chispas \/\/ Roberto Videla"},"content":{"rendered":"<p><span style=\"color: #c10508;\">Narrativa\u00a0<\/span>&#8211; cod.12<\/p>\n<p>Un relato de un viaje de verano, que el autor realiz\u00f3 en 2010, donde destacan cr\u00f3nicas, peque\u00f1os y grandes sucesos que van marcado, el viaje, (la vida) del autor.<\/p>\n","protected":false},"excerpt":{"rendered":"<p>Narrativa\u00a0&#8211; cod.12 Un relato de un viaje de verano, que el autor realiz\u00f3 en 2010, donde destacan cr\u00f3nicas, peque\u00f1os y grandes sucesos que van marcado, el viaje, (la vida) del autor.<\/p>\n","protected":false},"featured_media":17,"comment_status":"open","ping_status":"closed","template":"","meta":[],"product_cat":[23],"product_tag":[],"class_list":{"0":"post-16","1":"product","2":"type-product","3":"status-publish","4":"has-post-thumbnail","6":"product_cat-narrativa","8":"first","9":"instock","10":"taxable","11":"shipping-taxable","12":"purchasable","13":"product-type-simple"},"_links":{"self":[{"href":"https:\/\/editorialbabel.com.ar\/index.php?rest_route=\/wp\/v2\/product\/16","targetHints":{"allow":["GET"]}}],"collection":[{"href":"https:\/\/editorialbabel.com.ar\/index.php?rest_route=\/wp\/v2\/product"}],"about":[{"href":"https:\/\/editorialbabel.com.ar\/index.php?rest_route=\/wp\/v2\/types\/product"}],"replies":[{"embeddable":true,"href":"https:\/\/editorialbabel.com.ar\/index.php?rest_route=%2Fwp%2Fv2%2Fcomments&post=16"}],"wp:featuredmedia":[{"embeddable":true,"href":"https:\/\/editorialbabel.com.ar\/index.php?rest_route=\/wp\/v2\/media\/17"}],"wp:attachment":[{"href":"https:\/\/editorialbabel.com.ar\/index.php?rest_route=%2Fwp%2Fv2%2Fmedia&parent=16"}],"wp:term":[{"taxonomy":"product_cat","embeddable":true,"href":"https:\/\/editorialbabel.com.ar\/index.php?rest_route=%2Fwp%2Fv2%2Fproduct_cat&post=16"},{"taxonomy":"product_tag","embeddable":true,"href":"https:\/\/editorialbabel.com.ar\/index.php?rest_route=%2Fwp%2Fv2%2Fproduct_tag&post=16"}],"curies":[{"name":"wp","href":"https:\/\/api.w.org\/{rel}","templated":true}]}}

<p><span style="color: #c10508;">Narrativa </span>&#8211; cod.12</p>
<p>Un relato de un viaje de verano, que el autor realizó en 2010, donde destacan crónicas, pequeños y grandes sucesos que van marcado, el viaje, (la vida) del autor.</p>

<p>Narrativa &#8211; cod.12 Un relato de un viaje de verano, que el autor realizó en 2010, donde destacan crónicas, pequeños y grandes sucesos que van marcado, el viaje, (la vida) del autor.</p>
