{"id":22,"date":"2024-11-19T14:27:11","date_gmt":"2024-11-19T17:27:11","guid":{"rendered":"http:\/\/editorialbabel.com.ar\/?post_type=product&#038;p=22"},"modified":"2024-11-19T14:27:13","modified_gmt":"2024-11-19T17:27:13","slug":"decameron-cordobes-3-y-4-autores-varios","status":"publish","type":"product","link":"http:\/\/editorialbabel.com.ar\/?product=decameron-cordobes-3-y-4-autores-varios","title":{"rendered":"Decamer\u00f3n Cordob\u00e9s 3 y 4 \/\/ Autores Varios"},"content":{"rendered":"<p><span style=\"color: #c10508;\">Narrativa\u00a0<\/span>&#8211; cod.15<\/p>\n<p>A la manera del Decamer\u00f3n de Bocaccio, diez escritores cordobeses se sientan a relatar su ciudad, su \u00e9poca y el mundo, a trav\u00e9s de distintas visiones de la realidad te\u00f1idas por su generaci\u00f3n, vivencias o historia personal. Son cinco tomos y cada libro tiene relatos de los diez sobre dos temas distintos, y cada volumen puede leerse por separado.<\/p>\n","protected":false},"excerpt":{"rendered":"<p>Narrativa\u00a0&#8211; cod.15 A la manera del Decamer\u00f3n de Bocaccio, diez escritores cordobeses se sientan a relatar su ciudad, su \u00e9poca y el mundo, a trav\u00e9s de distintas visiones de la realidad te\u00f1idas por su generaci\u00f3n, vivencias o historia personal. Son cinco tomos y cada libro tiene relatos de los diez sobre dos temas distintos, y [&#8230;]\n","protected":false},"featured_media":23,"comment_status":"open","ping_status":"closed","template":"","meta":[],"product_cat":[23],"product_tag":[],"class_list":{"0":"post-22","1":"product","2":"type-product","3":"status-publish","4":"has-post-thumbnail","6":"product_cat-narrativa","8":"first","9":"instock","10":"taxable","11":"shipping-taxable","12":"purchasable","13":"product-type-simple"},"_links":{"self":[{"href":"http:\/\/editorialbabel.com.ar\/index.php?rest_route=\/wp\/v2\/product\/22","targetHints":{"allow":["GET"]}}],"collection":[{"href":"http:\/\/editorialbabel.com.ar\/index.php?rest_route=\/wp\/v2\/product"}],"about":[{"href":"http:\/\/editorialbabel.com.ar\/index.php?rest_route=\/wp\/v2\/types\/product"}],"replies":[{"embeddable":true,"href":"http:\/\/editorialbabel.com.ar\/index.php?rest_route=%2Fwp%2Fv2%2Fcomments&post=22"}],"wp:featuredmedia":[{"embeddable":true,"href":"http:\/\/editorialbabel.com.ar\/index.php?rest_route=\/wp\/v2\/media\/23"}],"wp:attachment":[{"href":"http:\/\/editorialbabel.com.ar\/index.php?rest_route=%2Fwp%2Fv2%2Fmedia&parent=22"}],"wp:term":[{"taxonomy":"product_cat","embeddable":true,"href":"http:\/\/editorialbabel.com.ar\/index.php?rest_route=%2Fwp%2Fv2%2Fproduct_cat&post=22"},{"taxonomy":"product_tag","embeddable":true,"href":"http:\/\/editorialbabel.com.ar\/index.php?rest_route=%2Fwp%2Fv2%2Fproduct_tag&post=22"}],"curies":[{"name":"wp","href":"https:\/\/api.w.org\/{rel}","templated":true}]}}